{"id":93,"date":"2010-02-16T12:43:18","date_gmt":"2010-02-16T11:43:18","guid":{"rendered":"http:\/\/www.schwarz-weiss-plus.de\/?page_id=93"},"modified":"2010-11-07T23:09:29","modified_gmt":"2010-11-07T22:09:29","slug":"galerie-2","status":"publish","type":"page","link":"https:\/\/www.schwarz-weiss-plus.de\/?page_id=93","title":{"rendered":"Galerie"},"content":{"rendered":"\n<div class=\"ngg-albumoverview\">\t\n\t<!-- List of galleries -->\n\t\n\t<div class=\"ngg-album\">\n\t\t<div class=\"ngg-albumtitle\"><a href=\"https:\/\/www.schwarz-weiss-plus.de\/?page_id=93&amp;album=5&amp;gallery=2\">Bad<\/a><\/div>\n\t\t\t<div class=\"ngg-albumcontent\">\n\t\t\t\t<div class=\"ngg-thumbnail\">\n\t\t\t\t\t<a href=\"https:\/\/www.schwarz-weiss-plus.de\/?page_id=93&amp;album=5&amp;gallery=2\"><img decoding=\"async\" class=\"Thumb\" alt=\"Bad\" src=\"https:\/\/www.schwarz-weiss-plus.de\/wp-content\/gallery\/bad\/thumbs\/thumbs_bad22.jpg\"\/><\/a>\n\t\t\t\t<\/div>\n\t\t\t\t<div class=\"ngg-description\">\n\t\t\t\t<p>ein ganz normales Badezimmer ... eine schwarze Schlage in der Zimmerecke, eine h\u00e4ngende Hand, die bedrohliche Kante der Badewanne, Wattest\u00e4bchen schauen \u00fcber einen Glasrand ...\r\n ganz Allt\u00e4gliches in Szene gesetzt; die Dramatik der Normalit\u00e4t<\/p>\n\t\t\t\t\t\t\t\t<p><strong>16<\/strong> Fotos<\/p>\n\t\t\t\t\t\t\t<\/div>\n\t\t<\/div>\n\t<\/div>\n\n \t\n\t<div class=\"ngg-album\">\n\t\t<div class=\"ngg-albumtitle\"><a href=\"https:\/\/www.schwarz-weiss-plus.de\/?page_id=93&amp;album=5&amp;gallery=7\">Werkstatt<\/a><\/div>\n\t\t\t<div class=\"ngg-albumcontent\">\n\t\t\t\t<div class=\"ngg-thumbnail\">\n\t\t\t\t\t<a href=\"https:\/\/www.schwarz-weiss-plus.de\/?page_id=93&amp;album=5&amp;gallery=7\"><img decoding=\"async\" class=\"Thumb\" alt=\"Werkstatt\" src=\"https:\/\/www.schwarz-weiss-plus.de\/wp-content\/gallery\/werkstatt\/thumbs\/thumbs_hp_w23.jpg\"\/><\/a>\n\t\t\t\t<\/div>\n\t\t\t\t<div class=\"ngg-description\">\n\t\t\t\t<p>Nachts in einer Tischlerei - mit \u00fcberlagertem hochaufl\u00f6senden Filmmaterial und einem 500-Watt-Scheinwerfer...<\/p>\n\t\t\t\t\t\t\t\t<p><strong>18<\/strong> Fotos<\/p>\n\t\t\t\t\t\t\t<\/div>\n\t\t<\/div>\n\t<\/div>\n\n \t \t\n\t<!-- Pagination -->\n \t<div class=\"ngg-clear\"><\/div> \t\n<\/div>\n\n\n\n<div class=\"ngg-albumoverview\">\t\n\t<!-- List of galleries -->\n\t\n\t<div class=\"ngg-album\">\n\t\t<div class=\"ngg-albumtitle\"><a href=\"https:\/\/www.schwarz-weiss-plus.de\/?page_id=93&amp;album=1&amp;gallery=5\">Jugendgeschichtstag<\/a><\/div>\n\t\t\t<div class=\"ngg-albumcontent\">\n\t\t\t\t<div class=\"ngg-thumbnail\">\n\t\t\t\t\t<a href=\"https:\/\/www.schwarz-weiss-plus.de\/?page_id=93&amp;album=1&amp;gallery=5\"><img decoding=\"async\" class=\"Thumb\" alt=\"Jugendgeschichtstag\" src=\"https:\/\/www.schwarz-weiss-plus.de\/wp-content\/gallery\/jugendgeschichtstag\/thumbs\/thumbs_jgt16.jpg\"\/><\/a>\n\t\t\t\t<\/div>\n\t\t\t\t<div class=\"ngg-description\">\n\t\t\t\t<p>Ein Beispiel klassischer Reportagefotografie: eine Veranstaltung, bei der es darauf ankommt, bestimmte Personen im Bild festzuhalten (die VIP\u00b4s also) und auch einen Gesamt\u00fcberblick der Veranstaltungsinhalte zu geben.<\/p>\n\t\t\t\t\t\t\t\t<p><strong>14<\/strong> Fotos<\/p>\n\t\t\t\t\t\t\t<\/div>\n\t\t<\/div>\n\t<\/div>\n\n \t \t\n\t<!-- Pagination -->\n \t<div class=\"ngg-clear\"><\/div> \t\n<\/div>\n\n\n\n<div class=\"ngg-albumoverview\">\t\n\t<!-- List of galleries -->\n\t\n\t<div class=\"ngg-album\">\n\t\t<div class=\"ngg-albumtitle\"><a href=\"https:\/\/www.schwarz-weiss-plus.de\/?page_id=93&amp;album=3&amp;gallery=4\">zoo<\/a><\/div>\n\t\t\t<div class=\"ngg-albumcontent\">\n\t\t\t\t<div class=\"ngg-thumbnail\">\n\t\t\t\t\t<a href=\"https:\/\/www.schwarz-weiss-plus.de\/?page_id=93&amp;album=3&amp;gallery=4\"><img decoding=\"async\" class=\"Thumb\" alt=\"zoo\" src=\"https:\/\/www.schwarz-weiss-plus.de\/wp-content\/gallery\/zoo\/thumbs\/thumbs_zoo5.jpg\"\/><\/a>\n\t\t\t\t<\/div>\n\t\t\t\t<div class=\"ngg-description\">\n\t\t\t\t<p>Fotografieren im Zoo ist nat\u00fcrlich keine Erfindung von mir. Unz\u00e4hlige Tierbilder werden t\u00e4glich in  Zooparks \u00fcberall auf der Welt gemacht. Hier nun meine Sicht auf die Tiere hinter Gittern. Warum sieht die L\u00f6win eigentlich harmloser aus als die Schildkr\u00f6te?...<\/p>\n\t\t\t\t\t\t\t\t<p><strong>20<\/strong> Fotos<\/p>\n\t\t\t\t\t\t\t<\/div>\n\t\t<\/div>\n\t<\/div>\n\n \t \t\n\t<!-- Pagination -->\n \t<div class=\"ngg-clear\"><\/div> \t\n<\/div>\n\n\n\n<div class=\"ngg-albumoverview\">\t\n\t<!-- List of galleries -->\n\t\n\t<div class=\"ngg-album\">\n\t\t<div class=\"ngg-albumtitle\"><a href=\"https:\/\/www.schwarz-weiss-plus.de\/?page_id=93&amp;album=4&amp;gallery=3\">on stage<\/a><\/div>\n\t\t\t<div class=\"ngg-albumcontent\">\n\t\t\t\t<div class=\"ngg-thumbnail\">\n\t\t\t\t\t<a href=\"https:\/\/www.schwarz-weiss-plus.de\/?page_id=93&amp;album=4&amp;gallery=3\"><img decoding=\"async\" class=\"Thumb\" alt=\"on stage\" src=\"https:\/\/www.schwarz-weiss-plus.de\/wp-content\/gallery\/elektrotischlerei\/thumbs\/thumbs_et12.jpg\"\/><\/a>\n\t\t\t\t<\/div>\n\t\t\t\t<div class=\"ngg-description\">\n\t\t\t\t<p>Die Th\u00fcringer Jazz-Band \"Elektrotischlerei\" (Andi Geyer\/hammond B3 + fender rhodes, Keisuke Matsuno\/guitar, Alex Binder\/bass, Jan Roth\/drums), fotografiert im Dezember 2009 in Jena und Erfurt. Ein Video vom Erfurter Konzert gibt es auf youtube.\r\n<\/p>\n\t\t\t\t\t\t\t\t<p><strong>16<\/strong> Fotos<\/p>\n\t\t\t\t\t\t\t<\/div>\n\t\t<\/div>\n\t<\/div>\n\n \t \t\n\t<!-- Pagination -->\n \t<div class=\"ngg-clear\"><\/div> \t\n<\/div>\n\n\n\n<div class=\"ngg-albumoverview\">\t\n\t<!-- List of galleries -->\n\t\n\t<div class=\"ngg-album\">\n\t\t<div class=\"ngg-albumtitle\"><a href=\"https:\/\/www.schwarz-weiss-plus.de\/?page_id=93&amp;album=2&amp;gallery=6\">Eishockey<\/a><\/div>\n\t\t\t<div class=\"ngg-albumcontent\">\n\t\t\t\t<div class=\"ngg-thumbnail\">\n\t\t\t\t\t<a href=\"https:\/\/www.schwarz-weiss-plus.de\/?page_id=93&amp;album=2&amp;gallery=6\"><img decoding=\"async\" class=\"Thumb\" alt=\"Eishockey\" src=\"https:\/\/www.schwarz-weiss-plus.de\/wp-content\/gallery\/eishockey\/thumbs\/thumbs_eh12.jpg\"\/><\/a>\n\t\t\t\t<\/div>\n\t\t\t\t<div class=\"ngg-description\">\n\t\t\t\t<p>Eishockey ist eine sehr schnelle Sportart und damit auch eine Herausforderung f\u00fcr Fotografen. Ich nehme grunds\u00e4tzlich jede Herausforderung gern an. Dies sind Bilder vom Saisonabschluss der \"Kickelhahn Rangers\" in der Ilmenauer Eishalle am 10.April 2010.<\/p>\n\t\t\t\t\t\t\t\t<p><strong>20<\/strong> Fotos<\/p>\n\t\t\t\t\t\t\t<\/div>\n\t\t<\/div>\n\t<\/div>\n\n \t \t\n\t<!-- Pagination -->\n \t<div class=\"ngg-clear\"><\/div> \t\n<\/div>\n\n\n\n<div class=\"ngg-albumoverview\">\t\n\t<!-- List of galleries -->\n\t\n\t<div class=\"ngg-album\">\n\t\t<div class=\"ngg-albumtitle\"><a href=\"https:\/\/www.schwarz-weiss-plus.de\/?page_id=93&amp;album=6&amp;gallery=8\">Blumen<\/a><\/div>\n\t\t\t<div class=\"ngg-albumcontent\">\n\t\t\t\t<div class=\"ngg-thumbnail\">\n\t\t\t\t\t<a href=\"https:\/\/www.schwarz-weiss-plus.de\/?page_id=93&amp;album=6&amp;gallery=8\"><img decoding=\"async\" class=\"Thumb\" alt=\"Blumen\" src=\"https:\/\/www.schwarz-weiss-plus.de\/wp-content\/gallery\/blumen\/thumbs\/thumbs_blume9.jpg\"\/><\/a>\n\t\t\t\t<\/div>\n\t\t\t\t<div class=\"ngg-description\">\n\t\t\t\t<p>Blumenbilder - jaja - schon klar. Ohne Kitsch kann ein Fotograf wohl nicht auskommen? Doch, kann er. Denn was Natur ist, kann kein Kitsch sein. All diese Formen und Farben sind absolut echt - und wundervoll.<\/p>\n\t\t\t\t\t\t\t\t<p><strong>20<\/strong> Fotos<\/p>\n\t\t\t\t\t\t\t<\/div>\n\t\t<\/div>\n\t<\/div>\n\n \t \t\n\t<!-- Pagination -->\n \t<div class=\"ngg-clear\"><\/div> \t\n<\/div>\n\n\n\n<div class=\"ngg-albumoverview\">\t\n\t<!-- List of galleries -->\n\t\n\t<div class=\"ngg-album\">\n\t\t<div class=\"ngg-albumtitle\"><a href=\"https:\/\/www.schwarz-weiss-plus.de\/?page_id=93&amp;album=7&amp;gallery=9\">freijazz<\/a><\/div>\n\t\t\t<div class=\"ngg-albumcontent\">\n\t\t\t\t<div class=\"ngg-thumbnail\">\n\t\t\t\t\t<a href=\"https:\/\/www.schwarz-weiss-plus.de\/?page_id=93&amp;album=7&amp;gallery=9\"><img decoding=\"async\" class=\"Thumb\" alt=\"freijazz\" src=\"https:\/\/www.schwarz-weiss-plus.de\/wp-content\/gallery\/freijazz\/thumbs\/thumbs_ziele-kopie.jpg\"\/><\/a>\n\t\t\t\t<\/div>\n\t\t\t\t<div class=\"ngg-description\">\n\t\t\t\t<p>Jeden zweiten Montag gibt es auf Radio F.R.E.I. die Sendung F.R.E.I.Jazz. Jede Sendung hat ein Motto und ich mache meist ein Bild zum Sendungsthema.<\/p>\n\t\t\t\t\t\t\t\t<p><strong>21<\/strong> Fotos<\/p>\n\t\t\t\t\t\t\t<\/div>\n\t\t<\/div>\n\t<\/div>\n\n \t \t\n\t<!-- Pagination -->\n \t<div class=\"ngg-clear\"><\/div> \t\n<\/div>\n\n\n","protected":false},"excerpt":{"rendered":"","protected":false},"author":1,"featured_media":0,"parent":0,"menu_order":5,"comment_status":"closed","ping_status":"closed","template":"","meta":{"footnotes":""},"_links":{"self":[{"href":"https:\/\/www.schwarz-weiss-plus.de\/index.php?rest_route=\/wp\/v2\/pages\/93"}],"collection":[{"href":"https:\/\/www.schwarz-weiss-plus.de\/index.php?rest_route=\/wp\/v2\/pages"}],"about":[{"href":"https:\/\/www.schwarz-weiss-plus.de\/index.php?rest_route=\/wp\/v2\/types\/page"}],"author":[{"embeddable":true,"href":"https:\/\/www.schwarz-weiss-plus.de\/index.php?rest_route=\/wp\/v2\/users\/1"}],"replies":[{"embeddable":true,"href":"https:\/\/www.schwarz-weiss-plus.de\/index.php?rest_route=%2Fwp%2Fv2%2Fcomments&post=93"}],"version-history":[{"count":95,"href":"https:\/\/www.schwarz-weiss-plus.de\/index.php?rest_route=\/wp\/v2\/pages\/93\/revisions"}],"predecessor-version":[{"id":127,"href":"https:\/\/www.schwarz-weiss-plus.de\/index.php?rest_route=\/wp\/v2\/pages\/93\/revisions\/127"}],"wp:attachment":[{"href":"https:\/\/www.schwarz-weiss-plus.de\/index.php?rest_route=%2Fwp%2Fv2%2Fmedia&parent=93"}],"curies":[{"name":"wp","href":"https:\/\/api.w.org\/{rel}","templated":true}]}}

<div class="ngg-albumoverview">	
	<!-- List of galleries -->
	
	<div class="ngg-album">
		<div class="ngg-albumtitle"><a href="https://www.schwarz-weiss-plus.de/?page_id=93&amp;album=5&amp;gallery=2">Bad</a></div>
			<div class="ngg-albumcontent">
				<div class="ngg-thumbnail">
					<a href="https://www.schwarz-weiss-plus.de/?page_id=93&amp;album=5&amp;gallery=2"><img decoding="async" class="Thumb" alt="Bad" src="https://www.schwarz-weiss-plus.de/wp-content/gallery/bad/thumbs/thumbs_bad22.jpg"/></a>
				</div>
				<div class="ngg-description">
				<p>ein ganz normales Badezimmer ... eine schwarze Schlage in der Zimmerecke, eine hängende Hand, die bedrohliche Kante der Badewanne, Wattestäbchen schauen über einen Glasrand ...
 ganz Alltägliches in Szene gesetzt; die Dramatik der Normalität</p>
								<p><strong>16</strong> Fotos</p>
							</div>
		</div>
	</div>

 	
	<div class="ngg-album">
		<div class="ngg-albumtitle"><a href="https://www.schwarz-weiss-plus.de/?page_id=93&amp;album=5&amp;gallery=7">Werkstatt</a></div>
			<div class="ngg-albumcontent">
				<div class="ngg-thumbnail">
					<a href="https://www.schwarz-weiss-plus.de/?page_id=93&amp;album=5&amp;gallery=7"><img decoding="async" class="Thumb" alt="Werkstatt" src="https://www.schwarz-weiss-plus.de/wp-content/gallery/werkstatt/thumbs/thumbs_hp_w23.jpg"/></a>
				</div>
				<div class="ngg-description">
				<p>Nachts in einer Tischlerei - mit überlagertem hochauflösenden Filmmaterial und einem 500-Watt-Scheinwerfer...</p>
								<p><strong>18</strong> Fotos</p>
							</div>
		</div>
	</div>

 	 	
	<!-- Pagination -->
 	<div class="ngg-clear"></div> 	
</div>



<div class="ngg-albumoverview">	
	<!-- List of galleries -->
	
	<div class="ngg-album">
		<div class="ngg-albumtitle"><a href="https://www.schwarz-weiss-plus.de/?page_id=93&amp;album=1&amp;gallery=5">Jugendgeschichtstag</a></div>
			<div class="ngg-albumcontent">
				<div class="ngg-thumbnail">
					<a href="https://www.schwarz-weiss-plus.de/?page_id=93&amp;album=1&amp;gallery=5"><img decoding="async" class="Thumb" alt="Jugendgeschichtstag" src="https://www.schwarz-weiss-plus.de/wp-content/gallery/jugendgeschichtstag/thumbs/thumbs_jgt16.jpg"/></a>
				</div>
				<div class="ngg-description">
				<p>Ein Beispiel klassischer Reportagefotografie: eine Veranstaltung, bei der es darauf ankommt, bestimmte Personen im Bild festzuhalten (die VIP´s also) und auch einen Gesamtüberblick der Veranstaltungsinhalte zu geben.</p>
								<p><strong>14</strong> Fotos</p>
							</div>
		</div>
	</div>

 	 	
	<!-- Pagination -->
 	<div class="ngg-clear"></div> 	
</div>



<div class="ngg-albumoverview">	
	<!-- List of galleries -->
	
	<div class="ngg-album">
		<div class="ngg-albumtitle"><a href="https://www.schwarz-weiss-plus.de/?page_id=93&amp;album=3&amp;gallery=4">zoo</a></div>
			<div class="ngg-albumcontent">
				<div class="ngg-thumbnail">
					<a href="https://www.schwarz-weiss-plus.de/?page_id=93&amp;album=3&amp;gallery=4"><img decoding="async" class="Thumb" alt="zoo" src="https://www.schwarz-weiss-plus.de/wp-content/gallery/zoo/thumbs/thumbs_zoo5.jpg"/></a>
				</div>
				<div class="ngg-description">
				<p>Fotografieren im Zoo ist natürlich keine Erfindung von mir. Unzählige Tierbilder werden täglich in  Zooparks überall auf der Welt gemacht. Hier nun meine Sicht auf die Tiere hinter Gittern. Warum sieht die Löwin eigentlich harmloser aus als die Schildkröte?...</p>
								<p><strong>20</strong> Fotos</p>
							</div>
		</div>
	</div>

 	 	
	<!-- Pagination -->
 	<div class="ngg-clear"></div> 	
</div>



<div class="ngg-albumoverview">	
	<!-- List of galleries -->
	
	<div class="ngg-album">
		<div class="ngg-albumtitle"><a href="https://www.schwarz-weiss-plus.de/?page_id=93&amp;album=4&amp;gallery=3">on stage</a></div>
			<div class="ngg-albumcontent">
				<div class="ngg-thumbnail">
					<a href="https://www.schwarz-weiss-plus.de/?page_id=93&amp;album=4&amp;gallery=3"><img decoding="async" class="Thumb" alt="on stage" src="https://www.schwarz-weiss-plus.de/wp-content/gallery/elektrotischlerei/thumbs/thumbs_et12.jpg"/></a>
				</div>
				<div class="ngg-description">
				<p>Die Thüringer Jazz-Band "Elektrotischlerei" (Andi Geyer/hammond B3 + fender rhodes, Keisuke Matsuno/guitar, Alex Binder/bass, Jan Roth/drums), fotografiert im Dezember 2009 in Jena und Erfurt. Ein Video vom Erfurter Konzert gibt es auf youtube.
</p>
								<p><strong>16</strong> Fotos</p>
							</div>
		</div>
	</div>

 	 	
	<!-- Pagination -->
 	<div class="ngg-clear"></div> 	
</div>



<div class="ngg-albumoverview">	
	<!-- List of galleries -->
	
	<div class="ngg-album">
		<div class="ngg-albumtitle"><a href="https://www.schwarz-weiss-plus.de/?page_id=93&amp;album=2&amp;gallery=6">Eishockey</a></div>
			<div class="ngg-albumcontent">
				<div class="ngg-thumbnail">
					<a href="https://www.schwarz-weiss-plus.de/?page_id=93&amp;album=2&amp;gallery=6"><img decoding="async" class="Thumb" alt="Eishockey" src="https://www.schwarz-weiss-plus.de/wp-content/gallery/eishockey/thumbs/thumbs_eh12.jpg"/></a>
				</div>
				<div class="ngg-description">
				<p>Eishockey ist eine sehr schnelle Sportart und damit auch eine Herausforderung für Fotografen. Ich nehme grundsätzlich jede Herausforderung gern an. Dies sind Bilder vom Saisonabschluss der "Kickelhahn Rangers" in der Ilmenauer Eishalle am 10.April 2010.</p>
								<p><strong>20</strong> Fotos</p>
							</div>
		</div>
	</div>

 	 	
	<!-- Pagination -->
 	<div class="ngg-clear"></div> 	
</div>



<div class="ngg-albumoverview">	
	<!-- List of galleries -->
	
	<div class="ngg-album">
		<div class="ngg-albumtitle"><a href="https://www.schwarz-weiss-plus.de/?page_id=93&amp;album=6&amp;gallery=8">Blumen</a></div>
			<div class="ngg-albumcontent">
				<div class="ngg-thumbnail">
					<a href="https://www.schwarz-weiss-plus.de/?page_id=93&amp;album=6&amp;gallery=8"><img decoding="async" class="Thumb" alt="Blumen" src="https://www.schwarz-weiss-plus.de/wp-content/gallery/blumen/thumbs/thumbs_blume9.jpg"/></a>
				</div>
				<div class="ngg-description">
				<p>Blumenbilder - jaja - schon klar. Ohne Kitsch kann ein Fotograf wohl nicht auskommen? Doch, kann er. Denn was Natur ist, kann kein Kitsch sein. All diese Formen und Farben sind absolut echt - und wundervoll.</p>
								<p><strong>20</strong> Fotos</p>
							</div>
		</div>
	</div>

 	 	
	<!-- Pagination -->
 	<div class="ngg-clear"></div> 	
</div>



<div class="ngg-albumoverview">	
	<!-- List of galleries -->
	
	<div class="ngg-album">
		<div class="ngg-albumtitle"><a href="https://www.schwarz-weiss-plus.de/?page_id=93&amp;album=7&amp;gallery=9">freijazz</a></div>
			<div class="ngg-albumcontent">
				<div class="ngg-thumbnail">
					<a href="https://www.schwarz-weiss-plus.de/?page_id=93&amp;album=7&amp;gallery=9"><img decoding="async" class="Thumb" alt="freijazz" src="https://www.schwarz-weiss-plus.de/wp-content/gallery/freijazz/thumbs/thumbs_ziele-kopie.jpg"/></a>
				</div>
				<div class="ngg-description">
				<p>Jeden zweiten Montag gibt es auf Radio F.R.E.I. die Sendung F.R.E.I.Jazz. Jede Sendung hat ein Motto und ich mache meist ein Bild zum Sendungsthema.</p>
								<p><strong>21</strong> Fotos</p>
							</div>
		</div>
	</div>

 	 	
	<!-- Pagination -->
 	<div class="ngg-clear"></div> 	
</div>
